ivative of w**4/24 - w**3/3 - 6*w**2. Let c be p(-4). Let u(s) = -s**2 - 8*s + 5. List the prime factors of u(c).
17
Let w(j) = 14*j**2 - 80*j - 56. Let o(f) = 5*f**2 - 27*f - 19. Let q(g) = 11*o(g) - 4*w(g). List the prime factors of q(16).
127
Suppose 5*k + 4*t = -16, -19 - 1 = 5*t. Suppose -11*u + 1529 = -k*u. What are the prime factors of u?
139
Suppose 4*f + l + 3*l - 296 = 0, -3*l = 2*f - 152. Let r = f + -64. List the prime factors of r.
2, 3
Let a(r) = 39*r**2 + 4*r - 1. List the prime factors of a(-3).
2, 13
Let i(h) be the second derivative of -h**5/4 + h**4/6 + 3*h**3/2 + 7*h**2/2 - 29*h. What are the prime factors of i(-3)?
7, 19
Let y(j) = -j**3 + j**2 + 3*j + 3. Let b be y(-2). Let d = b + 1. Let c = 7 + d. What are the prime factors of c?
17
Let j(m) = -2*m**2 + 7*m - 2. Let a(n) = -n**2 + 4*n - 1. Let b(t) = 7*a(t) - 4*j(t). Let z be b(-2). What are the prime factors of (43*2)/(7 - z)?
43
Let v be (-2)/10 + (-35)/(-175). Suppose -2*x = -v*x - 232. What are the prime factors of x?
2, 29
Suppose 14*q - 2376 = 10*q. List the prime factors of q.
2, 3, 11
Let p = -83 - -1264. What are the prime factors of p?
1181
Let d(k) be the first derivative of -k**3/3 - 9*k**2 - 14*k - 5. List the prime factors of d(-14).
2, 3, 7
Let l be (-10)/(-15)*(-6)/(-2). Suppose -l*i + 172 = 3*r - 0*r, 4*i = 5*r - 250. Let s = r + -16. List the prime factors of s.
2, 19
Let w(l) = -118*l - 128. List the prime factors of w(-12).
2, 7, 23
Let s(n) = n**2 + 12*n - 18. Let l be s(-13). Let b = l - -3. Let h = b - -60. List the prime factors of h.
2, 29
Suppose 7*a = 1283 + 1272. What are the prime factors of a?
5, 73
What are the prime factors of 94/(15*16/120)?
47
Suppose -r - 4*r = 0. Suppose 0 = 5*a - 8*b + 12*b + 27, -4*b + 3 = -5*a. List the prime factors of (r - 1) + (-162)/a.
53
Suppose 5*x + 5*a + 90 = 0, 4*x = 9*x + 3*a + 100. Let f = 22 + x. List the prime factors of f + -1 - (-83 - -19).
2, 31
Suppose -3*r = -5 - 1. Let l(b) = 3*b**3 - 5 - 2*b**3 - 2*b - r*b**3 - 4*b**2 + 3. List the prime factors of l(-4).
2, 3
Let t be (1 - 2)/(1/(-4)). Suppose 311 - 35 = t*n. Let u = n - 40. What are the prime factors of u?
29
Let p be 714/10 - (-4)/(-10). Let x = p - 17. Suppose 5*a - 7*a = -x. List the prime factors of a.
3
Suppose 0 = -4515*g + 4505*g + 13730. List the prime factors of g.
1373
Let m(x) = 46*x**2 - x - 4. List the prime factors of m(8).
2, 733
Let r = 755 + -363. List the prime factors of r.
2, 7
Let z(n) = -302*n + 12. Let q(r) = -201*r + 8. Let l(g) = -8*q(g) + 5*z(g). List the prime factors of l(1).
2, 47
Let m be 4/(1 - -1) - 3. Let p be 18/2*m/(-3). Suppose -p*w + h + 59 = 0, -5*w + 34 = -2*w + 4*h. List the prime factors of w.
2, 3
Let c(y) be the second derivative of -y**5/20 - y**4/4 + y**2 - 2*y. Let m be c(-5). List the prime factors of (m - 3) + -1*3.
2, 23
Let i be (-6)/4 - (-13)/2. Suppose -i*c + 126 = -2*c. List the prime factors of -1*c/(-2) + 2.
23
Suppose -2*g - 441 = 719. Let p be 3/7 + g/(-35). Let o = 2 + p. List the prime factors of o.
19
Suppose 2*q - 3*n = 526, -2*q + 5*n + 430 = -100. List the prime factors of q.
2, 5, 13
Let y(s) = 135*s**2 - 17*s - 13. What are the prime factors of y(-7)?
11, 13, 47
Let k be (-1 - -5)/((-24)/(-12)). Suppose k*u - 48 = -u. Let y = -12 + u. List the prime factors of y.
2
Let j be (1/(-4))/((-6)/72). Suppose 4*q + 5*s = s + 56, -j*q + 34 = 5*s. List the prime factors of q.
2, 3
Let h be (-4)/(((-2)/(-6))/(15/(-30))). List the prime factors of ((-2)/3)/(h - (-12426)/(-2070)).
2, 5, 23
Let q(h) = -5*h + h + 26 + 4*h - 2*h. List the prime factors of q(7).
2, 3
Let y(c) = c**3 + 18*c**2 - c - 15. Let m be y(-18). Suppose 49 + 2 = m*l. List the prime factors of l.
17
Let u(i) = 2*i**2 - 30*i - 1. What are the prime factors of u(-38)?
4027
Suppose 0 = y + 2*f - 587, f + 762 - 2548 = -3*y. List the prime factors of y.
3, 199
Let c = 765 + -401. List the prime factors of c.
2, 7, 13
Let t(a) be the second derivative of a**3/3 - 11*a. What are the prime factors of t(10)?
2, 5
Let n = 47 + -47. Suppose 9*d - 553 = 4*d + 3*c, 5*d - 5*c - 555 = n. List the prime factors of d.
2, 5, 11
Let f(l) = 319*l**2 + 6*l + 1. What are the prime factors of f(1)?
2, 163
List the prime factors of (27846/(-70))/((-2)/10).
3, 13, 17
Suppose -2*y + 5 = -y. Let p = 800 - 680. Suppose -n = -y*n + p. List the prime factors of n.
2, 3, 5
Suppose 2*h - 390 = -3*h. What are the prime factors of h?
2, 3, 13
Suppose -j + 0*j = -4. Let a be j/(-2) + 7 + -2. Let q(k) = 4*k**2 - k. List the prime factors of q(a).
3, 11
Let m(z) = -z**3 + 13*z**2 - 13*z + 15. Let p be m(12). Suppose -3*y - p*r = -22 - 17, -y + 2*r + 28 = 0. What are the prime factors of y?
2, 3
Suppose 2*g - 2258 = 3*s, 4*g - s + 2250 = 6*g. List the prime factors of g.
2, 563
Suppose 23*m = 45*m - 42900. What are the prime factors of m?
2, 3, 5, 13
Suppose 3*p + 2*w - w = 110, 136 = 4*p + 4*w. Suppose -1 = -3*d + 5*y + 21, -d = -3*y - 6. Let l = p - d. List the prime factors of l.
29
Suppose 6512 = -166*c + 174*c. What are the prime factors of c?
2, 11, 37
Let u = 7222 + -4088. List the prime factors of u.
2, 1567
List the prime factors of ((-5020)/8)/(-1) - (-5)/10.
2, 157
What are the prime factors of 16509/45 - (-26)/195?
367
Let d(t) = t**3 + 6*t**2 - 8*t - 6. Let i be d(-7). Let k(c) = 17*c - 1. What are the prime factors of k(i)?
2
Suppose 2*n + 9*j - 4*j = 1615, 3*n + 3*j = 2445. What are the prime factors of n?
2, 5, 41
Let l(k) = k**3 + 2*k**2 + k - 2. Let h be l(1). Suppose 5*s - 35 = -b, 4*s = -h*b - b + 127. List the prime factors of b.
3, 5
Let v be 2 + 3*1/(-3). Suppose -17 = -9*d + v. List the prime factors of d.
2
Suppose 26*c = 39*c - 17589. What are the prime factors of c?
3, 11, 41
List the prime factors of 52846/16 + (-14)/(-112).
3, 367
Suppose -4*f + 3*f + 120 = 0. Suppose z - 135 = -2*w, -z + 6*w + f = 3*w. What are the prime factors of z?
3, 43
Let k(g) = 18*g + 1. Let w be (-6)/(-4)*20/6. Suppose -w*r + 0 = -5. List the prime factors of k(r).
19
Let z(f) = -f**3 + 33*f**2 + 2*f - 103. What are the prime factors of z(30)?
2657
Suppose -113*y + 5274 = -107*y. What are the prime factors of y?
3, 293
Let b = 3206 - 2213. Let t = b - 706. What are the prime factors of t?
7, 41
Let t(b) = -2*b**2 - 11*b + 12. Let a be t(-6). Let h(m) = -m**3 + 6*m**2 + 8*m + 6. List the prime factors of h(a).
2, 3
Let u = -7326 - -10767. What are the prime factors of u?
3, 31, 37
Let r be ((-5)/4)/((-1)/40). Suppose 5*f + w = -2*w + 125, 2*f = 5*w + r. List the prime factors of f.
5
Let v = -5969 + 8658. What are the prime factors of v?
2689
Let n be (-5)/(-3)*(288/40 - 6). What are the prime factors of (155 - (-2*4)/n) + 0?
3, 53
Suppose -2*d = m - 55, 150 = 5*d - 0*d + 5*m. What are the prime factors of (-50)/(-3)*(28 - d)?
2, 5
Suppose 3*a + 4*p - 2527 = 2*p, 2*p = 3*a - 2519. What are the prime factors of a?
29
Suppose -2*s + 4*s = -100. Let b = s + 146. What are the prime factors of b?
2, 3
Suppose -7*d = 16 - 44. Let k(s) = 2*s**3 - 5*s**2 - 2*s + 13. What are the prime factors of k(d)?
53
Let r = -36 + 174. What are the prime factors of r?
2, 3, 23
Let a(s) = -s**3 + 4*s**2 + s + 2. Let z be a(4). Suppose 0 = z*j + 120 - 720. What are the prime factors of j?
2, 5
Let r(o) = -5*o**2 - o**3 - 8*o + 5*o - 1 + 4*o. Let v be r(-4). List the prime factors of 201/7 + (-6)/v.
29
Let h(k) = -k**2 - 33*k + 44. What are the prime factors of h(-20)?
2, 19
Suppose 9*o - 2*l = 5*o + 218, -59 = -o + 2*l. What are the prime factors of o?
53
Suppose 0*y = 2*y + 50. Let d = 18 - y. List the prime factors of d.
43
Let d(c) = c**2 + 3. Let x be d(3). Let a = 7 + -1. Let z = x + a. What are the prime factors of z?
2, 3
Suppose 2*n = -3*u - 6, -2*u + u - 2 = -n. Suppose n = x - 14*x + 3497. List the prime factors of x.
269
List the prime factors of (-211562)/(-74) + 40/740.
3, 953
Suppose 3*n + 9 + 0 = 0. Let x(y) = 4 + 1 - 10*y - 11 + 5. What are the prime factors of x(n)?
29
Let a(c) = 3*c**2 - 3*c - 7. Let b be (-12 + 0)/(-2)*18/27. List the prime factors of a(b).
29
Let o(p) = -146*p + 537. What are the prime factors of o(-17)?
3019
Suppose 5*v + 4*a = 206, -5*v + a = -0*a - 211. Suppose -4*r + v + 48 = m, 5*m + 3*r = 365. What are the prime factors of m?
2, 5, 7